Dec 03 05:20:38.788 INFO testing hyper-timeout-0.1.1 against master#8940af3cea4a9a9deabcaf843b2f8cad9a83fc61 for beta-1.31-5
Dec 03 05:20:38.788 INFO running `"docker" "create" "-v" "/mnt/big/crater/work/local/target-dirs/beta-1.31-5/worker-0/master#8940af3cea4a9a9deabcaf843b2f8cad9a83fc61:/target:rw,Z" "-v" "/mnt/big/crater/work/local/test-source/worker-0/beta-1.31-5/master#8940af3cea4a9a9deabcaf843b2f8cad9a83fc61:/source:ro,Z" "-v" "/mnt/big/crater/work/local/cargo-home:/cargo-home:ro,Z" "-v" "/mnt/big/crater/work/local/rustup-home:/rustup-home:ro,Z" "-e" "USER_ID=1000" "-e" "SOURCE_DIR=/source" "-e" "USER_ID=1000" "-e" "CMD=cargo +8940af3cea4a9a9deabcaf843b2f8cad9a83fc61-alt build --frozen" "-e" "CARGO_TARGET_DIR=/target" "-e" "CARGO_INCREMENTAL=0" "-e" "RUST_BACKTRACE=full" "-e" "RUSTFLAGS=--cap-lints=warn" "-e" "CARGO_HOME=/cargo-home" "-e" "RUSTUP_HOME=/rustup-home" "-m" "1536M" "--network" "none" "crater"`
Dec 03 05:20:39.247 INFO [stdout] 387608516a67018ff368e43d6b9b7ba7dab1da09abb2735f76727d4ca718976f
Dec 03 05:20:39.255 INFO running `"docker" "start" "-a" "387608516a67018ff368e43d6b9b7ba7dab1da09abb2735f76727d4ca718976f"`
Dec 03 05:20:40.518 INFO [stderr] usermod: no changes
Dec 03 05:20:40.718 INFO [stderr]    Compiling tokio-io-timeout v0.1.3
Dec 03 05:20:45.871 INFO [stderr]    Compiling hyper-timeout v0.1.1 (/source)
Dec 03 05:20:50.965 INFO [stderr]     Finished dev [unoptimized + debuginfo] target(s) in 10.42s
Dec 03 05:20:50.980 INFO [stderr] su: No module specific data is present
Dec 03 05:20:51.818 INFO running `"docker" "inspect" "387608516a67018ff368e43d6b9b7ba7dab1da09abb2735f76727d4ca718976f"`
Dec 03 05:20:52.228 INFO running `"docker" "rm" "-f" "387608516a67018ff368e43d6b9b7ba7dab1da09abb2735f76727d4ca718976f"`
Dec 03 05:20:52.470 INFO [stdout] 387608516a67018ff368e43d6b9b7ba7dab1da09abb2735f76727d4ca718976f
Dec 03 05:20:52.479 INFO running `"docker" "create" "-v" "/mnt/big/crater/work/local/target-dirs/beta-1.31-5/worker-0/master#8940af3cea4a9a9deabcaf843b2f8cad9a83fc61:/target:rw,Z" "-v" "/mnt/big/crater/work/local/test-source/worker-0/beta-1.31-5/master#8940af3cea4a9a9deabcaf843b2f8cad9a83fc61:/source:ro,Z" "-v" "/mnt/big/crater/work/local/cargo-home:/cargo-home:ro,Z" "-v" "/mnt/big/crater/work/local/rustup-home:/rustup-home:ro,Z" "-e" "USER_ID=1000" "-e" "SOURCE_DIR=/source" "-e" "USER_ID=1000" "-e" "CMD=cargo +8940af3cea4a9a9deabcaf843b2f8cad9a83fc61-alt test --frozen --no-run" "-e" "CARGO_TARGET_DIR=/target" "-e" "CARGO_INCREMENTAL=0" "-e" "RUST_BACKTRACE=full" "-e" "RUSTFLAGS=--cap-lints=warn" "-e" "CARGO_HOME=/cargo-home" "-e" "RUSTUP_HOME=/rustup-home" "-m" "1536M" "--network" "none" "crater"`
Dec 03 05:20:53.038 INFO [stdout] f56d2cb7df3e292eb222db470bd835b67214250317375df8e9f7a7cdcc364ba5
Dec 03 05:20:53.040 INFO running `"docker" "start" "-a" "f56d2cb7df3e292eb222db470bd835b67214250317375df8e9f7a7cdcc364ba5"`
Dec 03 05:20:54.783 INFO [stderr] usermod: no changes
Dec 03 05:20:55.006 INFO [stderr]    Compiling hyper-timeout v0.1.1 (/source)
Dec 03 05:21:10.947 INFO [stderr]     Finished dev [unoptimized + debuginfo] target(s) in 16.13s
Dec 03 05:21:10.963 INFO [stderr] su: No module specific data is present
Dec 03 05:21:11.857 INFO running `"docker" "inspect" "f56d2cb7df3e292eb222db470bd835b67214250317375df8e9f7a7cdcc364ba5"`
Dec 03 05:21:12.165 INFO running `"docker" "rm" "-f" "f56d2cb7df3e292eb222db470bd835b67214250317375df8e9f7a7cdcc364ba5"`
Dec 03 05:21:12.395 INFO [stdout] f56d2cb7df3e292eb222db470bd835b67214250317375df8e9f7a7cdcc364ba5
Dec 03 05:21:12.397 INFO running `"docker" "create" "-v" "/mnt/big/crater/work/local/target-dirs/beta-1.31-5/worker-0/master#8940af3cea4a9a9deabcaf843b2f8cad9a83fc61:/target:rw,Z" "-v" "/mnt/big/crater/work/local/test-source/worker-0/beta-1.31-5/master#8940af3cea4a9a9deabcaf843b2f8cad9a83fc61:/source:ro,Z" "-v" "/mnt/big/crater/work/local/cargo-home:/cargo-home:ro,Z" "-v" "/mnt/big/crater/work/local/rustup-home:/rustup-home:ro,Z" "-e" "USER_ID=1000" "-e" "SOURCE_DIR=/source" "-e" "USER_ID=1000" "-e" "CMD=cargo +8940af3cea4a9a9deabcaf843b2f8cad9a83fc61-alt test --frozen" "-e" "CARGO_TARGET_DIR=/target" "-e" "CARGO_INCREMENTAL=0" "-e" "RUST_BACKTRACE=full" "-e" "RUSTFLAGS=--cap-lints=warn" "-e" "CARGO_HOME=/cargo-home" "-e" "RUSTUP_HOME=/rustup-home" "-m" "1536M" "--network" "none" "crater"`
Dec 03 05:21:12.920 INFO [stdout] 03bb6bbbc9a2d2b497650d77aa329e50f9509b8ca326d5482202b1375082b058
Dec 03 05:21:12.922 INFO running `"docker" "start" "-a" "03bb6bbbc9a2d2b497650d77aa329e50f9509b8ca326d5482202b1375082b058"`
Dec 03 05:21:14.435 INFO [stderr] usermod: no changes
Dec 03 05:21:14.739 INFO [stderr]     Finished dev [unoptimized + debuginfo] target(s) in 0.27s
Dec 03 05:21:14.755 INFO [stderr]      Running /target/debug/deps/hyper_timeout-c85dc06d12ba2b03
Dec 03 05:21:14.759 INFO [stdout] 
Dec 03 05:21:14.759 INFO [stdout] running 1 test
Dec 03 05:21:14.927 INFO [stdout] test tests::test_timeout_connector ... FAILED
Dec 03 05:21:14.927 INFO [stdout] 
Dec 03 05:21:14.927 INFO [stdout] failures:
Dec 03 05:21:14.927 INFO [stdout] 
Dec 03 05:21:14.927 INFO [stdout] ---- tests::test_timeout_connector stdout ----
Dec 03 05:21:14.927 INFO [stdout] thread 'tests::test_timeout_connector' panicked at 'assertion failed: `(left == right)`
Dec 03 05:21:14.927 INFO [stdout]   left: `Other`,
Dec 03 05:21:14.927 INFO [stdout]  right: `TimedOut`', src/lib.rs:139:17
Dec 03 05:21:14.927 INFO [stdout] stack backtrace:
Dec 03 05:21:14.927 INFO [stdout]    0:     0x5619caad3c5f - std::sys::unix::backtrace::tracing::imp::unwind_backtrace::h3a8b83e1922cbdde
Dec 03 05:21:14.927 INFO [stdout]                                at libstd/sys/unix/backtrace/tracing/gcc_s.rs:49
Dec 03 05:21:14.927 INFO [stdout]    1:     0x5619caadd337 - std::sys_common::backtrace::print::h00d3155a29b4020f
Dec 03 05:21:14.927 INFO [stdout]                                at libstd/sys_common/backtrace.rs:71
Dec 03 05:21:14.927 INFO [stdout]                                at libstd/sys_common/backtrace.rs:59
Dec 03 05:21:14.927 INFO [stdout]    2:     0x5619caad7ecf - std::panicking::default_hook::{{closure}}::hd7465c742e79e1bb
Dec 03 05:21:14.927 INFO [stdout]                                at libstd/panicking.rs:211
Dec 03 05:21:14.927 INFO [stdout]    3:     0x5619caad7bce - std::panicking::default_hook::h9e3966f2aa2a6e12
Dec 03 05:21:14.927 INFO [stdout]                                at libstd/panicking.rs:221
Dec 03 05:21:14.927 INFO [stdout]    4:     0x5619caad85ae - std::panicking::rust_panic_with_hook::h587f091ae747d080
Dec 03 05:21:14.927 INFO [stdout]                                at libstd/panicking.rs:476
Dec 03 05:21:14.927 INFO [stdout]    5:     0x5619caad8151 - std::panicking::continue_panic_fmt::hb3a4fdede87f43a8
Dec 03 05:21:14.927 INFO [stdout]                                at libstd/panicking.rs:390
Dec 03 05:21:14.927 INFO [stdout]    6:     0x5619caad809e - std::panicking::begin_panic_fmt::h387afc7da9a10555
Dec 03 05:21:14.927 INFO [stdout]                                at libstd/panicking.rs:345
Dec 03 05:21:14.927 INFO [stdout]    7:     0x5619ca8f8f6c - hyper_timeout::tests::test_timeout_connector::hb50af278baa40bcb
Dec 03 05:21:14.927 INFO [stdout]                                at src/lib.rs:139
Dec 03 05:21:14.927 INFO [stdout]    8:     0x5619ca8f8a99 - hyper_timeout::tests::test_timeout_connector::{{closure}}::h6142a69c5c7fa857
Dec 03 05:21:14.927 INFO [stdout]                                at src/lib.rs:129
Dec 03 05:21:14.927 INFO [stdout]    9:     0x5619ca8f000d - core::ops::function::FnOnce::call_once::h608312e0f7c88c7c
Dec 03 05:21:14.927 INFO [stdout]                                at libcore/ops/function.rs:238
Dec 03 05:21:14.927 INFO [stdout]   10:     0x5619ca8fdfae - <F as alloc::boxed::FnBox<A>>::call_box::hac903f91577a156c
Dec 03 05:21:14.927 INFO [stdout]                                at libtest/lib.rs:1468
Dec 03 05:21:14.927 INFO [stdout]                                at libcore/ops/function.rs:238
Dec 03 05:21:14.927 INFO [stdout]                                at liballoc/boxed.rs:672
Dec 03 05:21:14.927 INFO [stdout]   11:     0x5619caae82e9 - __rust_maybe_catch_panic
Dec 03 05:21:14.927 INFO [stdout]                                at libpanic_unwind/lib.rs:102
Dec 03 05:21:14.927 INFO [stdout]   12:     0x5619ca91fc02 - std::sys_common::backtrace::__rust_begin_short_backtrace::hb8f0d0309526c184
Dec 03 05:21:14.927 INFO [stdout]                                at libstd/panicking.rs:289
Dec 03 05:21:14.927 INFO [stdout]                                at libstd/panic.rs:392
Dec 03 05:21:14.927 INFO [stdout]                                at libtest/lib.rs:1423
Dec 03 05:21:14.927 INFO [stdout]                                at libstd/sys_common/backtrace.rs:136
Dec 03 05:21:14.927 INFO [stdout]   13:     0x5619ca9206b4 - std::panicking::try::do_call::hc2f7c8b9a348d8db
Dec 03 05:21:14.927 INFO [stdout]                                at libstd/thread/mod.rs:409
Dec 03 05:21:14.927 INFO [stdout]                                at libstd/panic.rs:313
Dec 03 05:21:14.927 INFO [stdout]                                at libstd/panicking.rs:310
Dec 03 05:21:14.927 INFO [stdout]   14:     0x5619caae82e9 - __rust_maybe_catch_panic
Dec 03 05:21:14.927 INFO [stdout]                                at libpanic_unwind/lib.rs:102
Dec 03 05:21:14.927 INFO [stdout]   15:     0x5619ca90d8ec - <F as alloc::boxed::FnBox<A>>::call_box::h6bfded618e480b32
Dec 03 05:21:14.927 INFO [stdout]                                at libstd/panicking.rs:289
Dec 03 05:21:14.927 INFO [stdout]                                at libstd/panic.rs:392
Dec 03 05:21:14.927 INFO [stdout]                                at libstd/thread/mod.rs:408
Dec 03 05:21:14.927 INFO [stdout]                                at liballoc/boxed.rs:672
Dec 03 05:21:14.927 INFO [stdout]   16:     0x5619caad5c2d - std::sys_common::thread::start_thread::h4c28257d67cdf9cb
Dec 03 05:21:14.927 INFO [stdout]                                at liballoc/boxed.rs:682
Dec 03 05:21:14.927 INFO [stdout]                                at libstd/sys_common/thread.rs:24
Dec 03 05:21:14.927 INFO [stdout]   17:     0x5619caac8c25 - std::sys::unix::thread::Thread::new::thread_start::hfecb2e7eff8fd34f
Dec 03 05:21:14.927 INFO [stdout]                                at libstd/sys/unix/thread.rs:90
Dec 03 05:21:14.927 INFO [stdout]   18:     0x7f89167a86b9 - start_thread
Dec 03 05:21:14.927 INFO [stdout]   19:     0x7f89162c841c - clone
Dec 03 05:21:14.927 INFO [stdout]   20:                0x0 - <unknown>
Dec 03 05:21:14.928 INFO [stdout] 
Dec 03 05:21:14.928 INFO [stdout] 
Dec 03 05:21:14.928 INFO [stdout] failures:
Dec 03 05:21:14.928 INFO [stdout]     tests::test_timeout_connector
Dec 03 05:21:14.928 INFO [stdout] 
Dec 03 05:21:14.928 INFO [stdout] test result: FAILED. 0 passed; 1 failed; 0 ignored; 0 measured; 0 filtered out
Dec 03 05:21:14.928 INFO [stdout] 
Dec 03 05:21:14.935 INFO [stderr] error: test failed, to rerun pass '--lib'
Dec 03 05:21:14.936 INFO [stderr] su: No module specific data is present
Dec 03 05:21:16.297 INFO running `"docker" "inspect" "03bb6bbbc9a2d2b497650d77aa329e50f9509b8ca326d5482202b1375082b058"`
Dec 03 05:21:16.645 INFO running `"docker" "rm" "-f" "03bb6bbbc9a2d2b497650d77aa329e50f9509b8ca326d5482202b1375082b058"`
Dec 03 05:21:16.951 INFO [stdout] 03bb6bbbc9a2d2b497650d77aa329e50f9509b8ca326d5482202b1375082b058
